 b)*-3. Suppose 3*a - 10610 = a + t*m, -5279 = -a - 5*m. Is a prime?
False
Let y(d) = 258*d**2 - 5*d + 29. Let f(m) = -m**2 + 11*m - 34. Let k be f(4). Is y(k) prime?
False
Let k be -1*(6/10)/(4/(-20)). Let m(h) = -29*h**3 + 4*h**2 - 7*h + 2. Let i be m(k). Let j = i - -1719. Is j a prime number?
True
Let i be ((-465)/(-6))/((-11)/(-22)). Suppose -w = i - 712. Is w a composite number?
False
Suppose -102*j + 1506736 = 10*j. Is j composite?
True
Suppose -60*d = -53*d - 28861. Is 6/6 + -7 + d composite?
True
Suppose -31*b + 30*b + 44936 = 5*q, -2*b + 89917 = -5*q. Is b prime?
False
Is ((-8)/32)/(11/(-11) - (-2176230)/2176232) a composite number?
False
Let f(c) = 6062*c**2 + 469*c + 16. Is f(11) a composite number?
False
Suppose 27*j - 63993 = -15204. Suppose -j = -4*l - t, -2*l - 465 = -2*t - 1361. Is l composite?
True
Let j(s) be the first derivative of -47*s**2 + 12*s - 6. Let i be j(-2). Let v = i + -77. Is v composite?
True
Let d(n) be the third derivative of -19*n**6/20 - n**5/10 + 19*n**3/6 - 132*n**2. Is d(-4) a composite number?
False
Is (0 - (-3)/5) + (-118210400)/(-1000) composite?
False
Suppose 2*i + 5*s - 12664 - 41913 = 0, 0 = 2*i - 4*s - 54622. Is i a prime number?
False
Let h = -1324000 + 1909779. Is h a prime number?
True
Let o(p) = 11*p**2 - 1 + 5*p - 4*p + 0*p. Is o(-8) prime?
False
Let j(u) = 25*u + 53. Let w = -291 + 301. Is j(w) composite?
True
Let f be (-4)/(-4) + 9 + -4. Let d be (f/((-18)/5))/((-20)/24). Suppose d*q = -q + 4*l + 155, -2*l = 4. Is q a prime number?
False
Suppose -11 = 4*l - h - 0, 21 = -4*l - h. Let w be l*(-2)/(-4)*20. Is -46*332/w + 4/20 a composite number?
True
Suppose 4*f + 6 - 18 = 0. Suppose -2*v + 3 = d, -f*d - 5 - 1 = v. Suppose 5*j - 7*j - 5*z + 2508 = 0, -3*j + v*z = -3741. Is j a composite number?
False
Let f(i) be the second derivative of -357*i**5/10 + i**4/3 + i**3/3 - i**2/2 + 227*i. Is f(-2) a composite number?
True
Let h(m) = -32*m**3 + 17*m**2 - 79*m + 1. Is h(-15) a prime number?
True
Let o = 120487 - 79616. Is o a prime number?
False
Let a be (12 + 108/(-8))/(1/(-2)). Is (-11375 + 6 + a)/(-1*2) a composite number?
False
Let q = -151117 - -353768. Is q a prime number?
False
Let p(j) = -28*j - 65. Let x be p(-6). Suppose -96*q - 130137 = -x*q. Is q a prime number?
False
Is (2302462/309)/(-1 + 10/6) prime?
True
Is (-133 + 112)*4/(48/(-8548)) a composite number?
True
Let x(c) = -c**3 + 7*c**2 + 10*c + 3. Let o be x(-4). Suppose m + 5*a = 3181 + o, -6613 = -2*m - a. Is m a prime number?
False
Is (-2)/8 + 3/12 - 6 - -787807 composite?
True
Let a = -11 - -16. Let k(g) = 12*g**3 - 1 + 287*g**2 + 0 - 4 - 284*g**2 + 4. Is k(a) prime?
False
Suppose -569242 = 22*n - 1631820. Is n a prime number?
True
Is 4/6 + 15424/12 a prime number?
False
Let j(h) = -5*h**3 - 4*h**2 - 6*h + 9. Let l(f) = 6*f**3 + 5*f**2 + 6*f - 9. Let q(n) = -7*j(n) - 6*l(n). Let v be q(-4). Is (-1191)/(-9)*(v - -4) composite?
False
Suppose n - 2*n + 228 = 4*t, -t = -3. Let k(u) = -4*u - 5. Let r be k(-11). Let s = n - r. Is s a prime number?
False
Let g = -11 - -8. Let s be (10 - 7)/((-1)/(-244)*g). Let h = s - -467. Is h prime?
True
Let y(t) = -60*t**3 + 6*t**2 + 8*t + 12. Let h be y(-3). Suppose -4*s = -3*d - 6643, 2*s - d - h = s. Is s composite?
False
Let x be (-4)/6*9903/(-2). Let c = -1561 + x. Let y = c - 797. Is y composite?
True
Let q(x) = -21*x + 140. Let g be q(7). Let j(v) = -48*v**3 + 22*v**2 + 37*v - 1. Is j(g) prime?
False
Suppose -2*o - 54 = 7*o. Let l be o/8 + (-48375)/(-36). Is (-2)/(-2)*(l - -2) prime?
False
Suppose -455*g = -5*o - 456*g + 2864041, -2864037 = -5*o - 2*g. Is o a prime number?
False
Suppose 45*m - 35*m = -2230. Let o be 6*(-2 + 8/6). Let y = o - m. Is y composite?
True
Let f be ((-40)/(-15))/((-4)/(-6)). Suppose -20*d + 18*d = 2*t - 1740, 2*t - 1742 = -f*d. Is t a prime number?
False
Let p(y) = -7297*y - 10154. Is p(-16) a composite number?
True
Let x be 18/15*(18 + 0 - 13). Let n(i) be the first derivative of 10*i**3 - 5*i**2/2 - 7*i + 2. Is n(x) prime?
False
Let q = -13052 - -162655. Is q a prime number?
True
Let g be 0 + (6/3 - (-1 + 1)). Suppose -5*s - 45 + 5 = g*l, -4*l + 5*s = 140. Is 2/(-15) - 94/l - -568 a prime number?
True
Suppose -3*d + 3*m = -2280 - 577896, -10 = -5*m. Is d composite?
True
Let u be -199 + 0 + 15 + -12. Let p = u - -312. Suppose -p = -3*m + 175. Is m a prime number?
True
Let d(s) = s**3 + 32*s**2 + 73*s - 8. Let x be d(-29). Is 310 + x - (2/1)/2 prime?
False
Let s(q) = q**2 - 6*q - 115. Let u be s(-37). Let k = u + 793. Is k a prime number?
True
Let c(k) = 14*k + 151 - 64 - 21 - k**2 + 125. Is c(0) composite?
False
Is ((-5)/5)/((-3)/3401331) composite?
False
Let j(f) = 5*f**3 + 4*f - 4. Let l be j(1). Suppose 2*i = 3*w + l*i - 8001, -3*w = 5*i - 7997. Is w prime?
False
Let t be (-57 - -54) + (2480 - 1). Let g = 4133 - t. Is g prime?
True
Let p = -192 + 104. Let w be 66/(-4)*p/6. Let z = w + -79. Is z a prime number?
True
Suppose p + 10339 = -h + 29325, -5*h + 94909 = -2*p. Is h a composite number?
True
Let o(j) be the first derivative of j**2 + 641*j - 2. Let k be 0*((-7)/(-2))/7. Is o(k) composite?
False
Is (-13)/195*-5 - 75020/(-3) a composite number?
True
Let m = -50252 + 101361. Is m prime?
True
Suppose -5*n + 158208 = 4*b, 3*b - 3939*n = -3936*n + 118683. Is b a composite number?
True
Let n = 28762 + -16028. Is n composite?
True
Suppose -10*r - 5*w = -3570695, 2*w - 317618 + 1745924 = 4*r. Is r composite?
False
Let i(k) = 2*k**2 + k**2 + 0*k**2 + 4*k**3 - 12*k**2 - 3*k + 3. Let f = -16 + 26. Is i(f) prime?
False
Let x = 47 + -44. Suppose x*g - 746 - 1096 = 0. Is g a prime number?
False
Let a(i) = -3*i**2 - 23*i - 10. Let g be a(-7). Let q be 6/3*1 + 41956/g. Suppose 0 = 2*j - 15*j + q. Is j a composite number?
True
Suppose 10*j - 167277 = -j. Let k = j + -10630. Is k composite?
True
Let z be 3*-1*(-1105)/39. Suppose -2*k = 3*o - 53, -5*k + o = -56 - z. Is 8/k + 3099/7 a prime number?
True
Let a(m) = -3889*m + 3119. Is a(-18) a prime number?
True
Let v = 855 + -2457. Let o = v + 2969. Suppose -c + o = -572. Is c a prime number?
False
Let l = -551 - -555. Suppose -7*o - l*o + 18139 = 0. Is o composite?
True
Is 260/(-70) + (-4469314)/(-14) a prime number?
False
Suppose -2*q - 154 = -4*f - 7240, 17706 = 5*q - f. Suppose 0 = 338*m - 339*m + q. Is m composite?
False
Is (-2)/(-5)*(262740/40 + -16) a prime number?
True
Suppose -4*d - 4*x = 1124, -2*x + 6*x = -5*d - 1406. Let k = -67 - d. Is k prime?
False
Let n(s) = -5*s**2 + 2*s - 578. Let v(x) = -3*x + 43. Let m be v(16). Let w(r) = -5*r**2 + 2*r - 579. Let o(d) = m*w(d) + 4*n(d). Is o(0) a composite number?
True
Let x = 18 + 6. Suppose 57*s - x = 53*s. Is (-8)/s*(-495)/20 composite?
True
Let b(x) = x**2. Let j(n) = 332*n**2 + 16*n - 60. Let c(w) = -b(w) + j(w). Is c(7) a prime number?
False
Let f(n) = -n**3 - n + 1. Let s be -11 + 14 - (-3 - 0). Let l(u) = 209*u**3 + 7*u - 7. Let w(c) = s*f(c) + l(c). Is w(1) composite?
True
Let t(g) = g - 31. Let j be t(14). Let f(z) = -z**3 - 18*z**2 - 18*z - 19. Let r be f(j). Is 6738*(-8)/(-54) - r/(-9) a composite number?
True
Suppose -n + 5*l = -92, -288 - 56 = -3*n - 2*l. Let v = 722 - n. Let p = v + -353. Is p composite?
False
Is (-10382)/(-435) + -24 + 1386617/15 a composite number?
True
Let z = -4613 + 7021. Suppose -4*x = 2*m - 3180, -1561 - z = -5*x - 4*m. Is x a composite number?
False
Let x = -209 + -232. Is (-6221817)/x - 2*(-2)/7 a prime number?
False
Let n(c) = -c**3 - 14*c**2 - 84*c - 12. Is n(-43) a prime number?
True
Suppose 89694 = 3*h + o, -11*o + 8*o = 3*h - 89688. Is h prime?
False
Let a(k) = 11191*k + 1982. Is a(17) a composite number?
False
Let v be (2928 - 1)/(5*(-7)/(-210)). Suppose b + i = -3*b + v, 5*b - 21953 = -i. Is b prime?
True
Let f = -70574 - -111643. Is f a composite number?
True
Let q be 16/20*1*-90. Let r be 3058/(-8) - q/(-96). Let i = r + 540. Is i prime?
True
Let o = 55379 - -237640. Is o prime?
False
Suppose 28855 = t + 4*k, 2*t - 51007 = 5*k + 6651. Suppose t - 5274 = 5*m. Is m a composite number?
True
Suppose 7*s + 4*f + 1539 = 8*s, -s - 3*f + 1546 = 0. Is s a composite number?
False
Let x(v) be the third derivative of -v**4/3 - 9*v**3/2 + 2*v**2 + 41. Is x(-22) prime?
True
Suppose -20*t + 149140 = -17920. Let n = -2759 + 7319. Let d = 